{"id":138,"date":"2011-11-16T13:07:17","date_gmt":"2011-11-16T13:07:17","guid":{"rendered":"http:\/\/www.hczm.sk\/?page_id=138"},"modified":"2024-01-22T20:22:04","modified_gmt":"2024-01-22T19:22:04","slug":"kontakt","status":"publish","type":"page","link":"https:\/\/www.hczm.sk\/?page_id=138","title":{"rendered":"KONTAKT"},"content":{"rendered":"\n<p>Kontaktn\u00e9 \u00fadaje klubu HC Zlat\u00e9 Moravce:<\/p>\n\n\n\n<p>Hokejov\u00fd klub HC Zlat\u00e9 Moravce<br>Zimn\u00fd \u0161tadi\u00f3n<br>Tov\u00e1rensk\u00e1 1<br>953 01 Zlat\u00e9 Moravce<\/p>\n\n\n\n<p>I\u010cO: 34009671<br>DI\u010c: 2021508577<\/p>\n\n\n\n<p>Registra\u010dn\u00e9 \u010d\u00edslo klubu: 031<\/p>\n\n\n\n<p>\u00da\u010det: V\u00daB Banka<br>\u010c\u00edslo \u00fa\u010dtu: 77732162\/0200<br>\u010c\u00edslo \u00fa\u010dtu v tvare IBAN: SK86 0200 0000 0000 7773 2162<\/p>\n\n\n\n<p><\/p>\n\n\n\n<p>e-mail: hczm@hczm.sk<\/p>\n\n\n\n<p>GPS s\u00faradnice zimn\u00e9ho \u0161tadi\u00f3na :&nbsp;48\u00b0 23&#8242; 23.57&#8243;, +18\u00b0 23&#8242; 31.68&#8243;<\/p>\n\n\n\n<figure class=\"wp-block-embed\"><div class=\"wp-block-embed__wrapper\">\nhttps:\/\/goo.gl\/maps\/sDfge9UGsKvHvYcGA\n<\/div><\/figure>\n","protected":false},"excerpt":{"rendered":"<p>Kontaktn\u00e9 \u00fadaje klubu HC Zlat\u00e9 Moravce: Hokejov\u00fd klub HC Zlat\u00e9 MoravceZimn\u00fd \u0161tadi\u00f3nTov\u00e1rensk\u00e1 1953 01 Zlat\u00e9 Moravce I\u010cO: 34009671DI\u010c: 2021508577 Registra\u010dn\u00e9 \u010d\u00edslo klubu: 031 \u00da\u010det: V\u00daB Banka\u010c\u00edslo \u00fa\u010dtu: 77732162\/0200\u010c\u00edslo \u00fa\u010dtu v tvare IBAN: SK86 0200 0000 0000 7773 2162 e-mail: hczm@hczm.sk &hellip; <a href=\"https:\/\/www.hczm.sk\/?page_id=138\">Pokra\u010dova\u0165 v \u010d\u00edtan\u00ed <span class=\"meta-nav\">&rarr;<\/span><\/a><\/p>\n","protected":false},"author":1,"featured_media":0,"parent":131,"menu_order":4,"comment_status":"closed","ping_status":"closed","template":"","meta":{"footnotes":""},"class_list":["post-138","page","type-page","status-publish","hentry"],"_links":{"self":[{"href":"https:\/\/www.hczm.sk\/index.php?rest_route=\/wp\/v2\/pages\/138","targetHints":{"allow":["GET"]}}],"collection":[{"href":"https:\/\/www.hczm.sk\/index.php?rest_route=\/wp\/v2\/pages"}],"about":[{"href":"https:\/\/www.hczm.sk\/index.php?rest_route=\/wp\/v2\/types\/page"}],"author":[{"embeddable":true,"href":"https:\/\/www.hczm.sk\/index.php?rest_route=\/wp\/v2\/users\/1"}],"replies":[{"embeddable":true,"href":"https:\/\/www.hczm.sk\/index.php?rest_route=%2Fwp%2Fv2%2Fcomments&post=138"}],"version-history":[{"count":13,"href":"https:\/\/www.hczm.sk\/index.php?rest_route=\/wp\/v2\/pages\/138\/revisions"}],"predecessor-version":[{"id":10216,"href":"https:\/\/www.hczm.sk\/index.php?rest_route=\/wp\/v2\/pages\/138\/revisions\/10216"}],"up":[{"embeddable":true,"href":"https:\/\/www.hczm.sk\/index.php?rest_route=\/wp\/v2\/pages\/131"}],"wp:attachment":[{"href":"https:\/\/www.hczm.sk\/index.php?rest_route=%2Fwp%2Fv2%2Fmedia&parent=138"}],"curies":[{"name":"wp","href":"https:\/\/api.w.org\/{rel}","templated":true}]}}